ase 5.
-3112
What is 10010011 (base 2) in base 10?
147
-11506 (base 7) to base 13
-1495
Convert -110121321 (base 4) to base 10.
-83577
55392 (base 10) to base 15
1162c
Convert -2123 (base 5) to base 11.
-242
Convert -2a2 (base 16) to base 6.
-3042
Convert 80 (base 10) to base 9.
88
-2303320 (base 4) to base 7
-45364
-32353 (base 7) to base 13
-38a1
-26 (base 16) to base 3
-1102
4081 (base 11) to base 7
21532
-8a (base 14) to base 3
-11112
What is -3518 (base 10) in base 7?
-13154
442 (base 13) to base 10
730
What is 25030 (base 8) in base 10?
10776
-203a (base 11) to base 5
-41310
What is -aec4 (base 16) in base 12?
-21a84
-365155 (base 7) to base 14
-1a3d5
What is 39c (base 13) in base 11?
529
What is -1200122210 (base 3) in base 9?
-50583
Convert 1033031 (base 4) to base 12.
2b25
What is a810 (base 14) in base 15?
88ec
Convert 1442 (base 7) to base 3.
210002
What is -224 (base 6) in base 2?
-1011000
50202 (base 7) to base 15
38c0
What is 12300 (base 4) in base 2?
110110000
-3784 (base 10) to base 12
-2234
What is 1001010110 (base 2) in base 6?
2434
121134 (base 5) to base 3
20020022
What is 26690 (base 10) in base 4?
12201002
Convert -15253 (base 6) to base 4.
-212301
What is 3171 (base 10) in base 7?
12150
Convert 1100010100010110 (base 2) to base 11.
349a8
What is 11416 (base 9) in base 5?
221004
343014 (base 6) to base 3
1111000101
Convert -1150202 (base 6) to base 13.
-219b3
-1530 (base 6) to base 2
-110011110
-44304 (base 5) to base 14
-119d
What is 1011021 (base 3) in base 8?
1514
What is -128 (base 16) in base 3?
-101222
What is 721 (base 9) in base 6?
2414
What is 101101101 (base 2) in base 6?
1405
What is 4320134 (base 5) in base 13?
273c5
Convert -41667 (base 8) to base 9.
-25701
What is 9048 (base 12) in base 2?
11110011111000
What is -3011432 (base 5) in base 9?
-72436
-27d4 (base 14) to base 15
-214b
Convert -331100 (base 4) to base 12.
-2328
What is -44ed (base 15) in base 13?
-686b
Convert -637 (base 8) to base 12.
-2a7
What is -21 (base 6) in base 11?
-12
What is 45155 (base 7) in base 3?
120122112
Convert 11010000111101 (base 2) to base 11.
a058
Convert 2012112010 (base 3) to base 15.
cccc
What is -197 (base 16) in base 2?
-110010111
544 (base 10) to base 8
1040
Convert -2160 (base 8) to base 4.
-101300
-16b2 (base 12) to base 10
-2726
What is -1123323 (base 4) in base 2?
-1011011111011
Convert -bd (base 14) to base 3.
-20012
1940b (base 13) to base 16
bf7d
Convert -1211212 (base 3) to base 9.
-1755
484 (base 16) to base 7
3241
-110011111 (base 2) to base 15
-1ca
What is -11887 (base 9) in base 12?
-4781
-1452 (base 7) to base 16
-240
Convert 22032032 (base 4) to base 6.
521502
-10010001000 (base 2) to base 16
-488
Convert -20bd (base 15) to base 16.
-1b10
What is 12031 (base 7) in base 11?
2377
What is 907 (base 10) in base 15?
407
Convert -23b (base 14) to base 2.
-110111101
-3994 (base 10) to base 8
-7632
Convert 111120 (base 4) to base 12.
960
Convert -303032 (base 4) to base 12.
-1a92
What is -76677 (base 8) in base 5?
-2012231
-1023331 (base 5) to base 13
-7b7c
What is -1540 (base 8) in base 11?
-716
11111002110 (base 3) to base 4
111203103
What is 5cac (base 14) in base 3?
211020220
Convert -101100110010001 (base 2) to base 5.
-1213204
What is 3784 (base 16) in base 10?
14212
Convert -3458 (base 12) to base 9.
-7885
510 (base 8) to base 7
646
What is -4bcc (base 13) in base 11?
-8142
Convert 42659 (base 10) to base 12.
2082b
Convert -5a48 (base 11) to base 3.
-101212020
What is -682 (base 12) in base 8?
-1702
Convert 37004 (base 8) to base 14.
5b00
Convert 3e3 (base 16) to base 11.
825
-100100111111001 (base 2) to base 10
-18937
c768 (base 16) to base 9
77020
50205 (base 7) to base 14
45ac
What is 14208 (base 10) in base 8?
33600
-1012043 (base 5) to base 2
-100000010001011
43036 (base 8) to base 10
17950
What is -3130301 (base 4) in base 16?
-3731
What is -5cd2 (base 15) in base 3?
-1000010022
What is -13103010 (base 4) in base 16?
-74c4
230301 (base 5) to base 8
20011
147 (base 16) to base 14
195
What is -127 (base 8) in base 14?
-63
2063 (base 7) to base 15
33b
What is 20851 (base 11) in base 12?
15656
-10211202 (base 3) to base 16
-af1
What is 4d66 (base 16) in base 12?
b572
Convert 12660 (base 8) to base 15.
19a2
-1648 (base 9) to base 12
-88b
Convert 11121210 (base 3) to base 13.
16c2
-141 (base 9) to base 2
-1110110
-271a (base 14) to base 4
-1223210
-6035 (base 8) to base 12
-1965
989 (base 12) to base 14
721
Convert 1222131 (base 5) to base 6.
300224
1aad (base 15) to base 11
4392
Convert 22330 (base 4) to base 16.
2bc
What is -57a (base 14) in base 3?
-1111022
Convert -12a (base 12) to base 13.
-109
-100100 (base 3) to base 11
-20a
What is -6631 (base 13) in base 8?
-33634
Convert -20e8 (base 15) to base 7.
-26213
-3031 (base 9) to base 10
-2215
What is 11301 (base 6) in base 11?
1244
Convert 903 (base 13) to base 14.
7ac
What is 26021 (base 8) in base 14?
417b
What is 78a6 (base 11) in base 9?
15236
99 (base 10) to base 4
1203
What is 123b (base 13) in base 5?
40320
7a42 (base 11) to base 4
2211031
What is -2111210 (base 3) in base 11?
-1414
10002101 (base 3) to base 16
8cb
-2405 (base 6) to base 8
-1105
-3b4 (base 14) to base 7
-2114
Convert 1537 (base 8) to base 7.
2342
What is -242345 (base 6) in base 10?
-21305
-2834 (base 9) to base 13
-c85
What is 114124 (base 8) in base 2?
1001100001010100
-845 (base 10) to base 5
-11340
Convert 10110213 (base 4) to base 10.
17703
110011111011 (base 2) to base 3
11120002
-27603 (base 9) to base 13
-8697
What is 201121 (base 3) in base 16?
211
Convert 5cdc (base 14) to base 8.
37612
Convert -54651 (base 9) to base 3.
-1211201201
-1062 (base 10) to base 16
-426
601 (base 9) to base 7
1264
-5692 (base 12) to base 9
-14162
What is -156556 (base 7) in base 6?
-400124
43551 (base 6) to base 15
1bcd
What is 1110001101111 (base 2) in base 11?
5518
Convert -11204 (base 5) to base 9.
-1083
What is -30a61 (base 12) in base 5?
-4014341
-1000000 (base 2) to base 14
-48
-14b45 (base 15) to base 16
-10469
Convert -532 (base 14) to base 11.
-851
What is -3446 (base 7) in base 2?
-10011101011
What is 65122 (base 7) in base 13?
74a1
What is -1338 (base 9) in base 4?
-33233
What is -2056 (base 12) in base 5?
-103042
c172 (base 13) to base 3
1100112011
31248 (base 9) to base 2
101000010001010
What is 71b9 (base 12) in base 10?
12381
-1100000011000000 (base 2) to base 11
-34089
Convert 4311 (base 5) to base 4.
21011
-210001211 (base 3) to base 16
-3bfe
-304 (base 12) to base 15
-1e1
Convert 2048 (base 13) to base 15.
14be
1d2 (base 15) to base 6
1542
Convert bdb (base 14) to base 8.
4455
Convert -301424 (base 5) to base 14.
-370a
153120 (base 7) to base 5
1424104
Convert -1011001000 (base 2) to base 3.
-222101
What is 9a7 (base 11) in base 3?
1122200
Convert 224 (base 13) to base 9.
448
15344 (base 6) to base 8
4720
-101011101111 (base 2) to base 14
-103d
-1100011000100 (base 2) to base 4
-1203010
What is -111111000000 (base 2) in base 5?
-112112
Convert 1b63 (base 12) to base 15.
100c
Convert -301242 (base 5) to base 8.
-22544
What is -abc (base 13) in base 5?
-24340
-12 (base 4) to base 3
-20
168a (base 11) to base 7
6166
Convert 51316 (base 7) to base 5.
400013
What is -1076 (base 10) in base 8?
-2064
What is 10010110000 (base 2) in base 9?
1573
Convert -7a02 (base 12) to base 4.
-3103202
Convert 236 (base 14) to base 4.
12320
Convert 144013 (base 7) to base 6.
332401
Convert -2460 (base 7) to base 3.
-1021020
What is -11226 (base 9) in base 14?
-2a20
Convert -35142 (base 6) to base 10.
-5030
Convert 3408 (base 11) to base 9.
6133
Convert -2122002 (base 3) to base 2.
-11101111111
Convert 63640 (base 7) to base 16.
3d8d
Convert -2d1 (base 15) to base 2.
-1010000110
Convert -1712 (base 9) to base 5.
-20212
What is 382 (base 11) in base 8?
705
Convert -dc (base 16) to base 7.
-433
Convert 30201 (base 4) to base 5.
11201
What is -103034 (base 6) in base 9?
-12524
Convert 46374 (base 8) to base 13.
8c80
-557 (base 9) to base 2
-111001001
21473 (base 12) to base 2
1010101101010111
Convert -2012010 (base 3) to base 6.
-11220
1100110000110 (base 2) to base 9
8860
What is -101010011111101 (base 2) in base 8?
-52375
Convert -11114 (base 6) to base 16.
-616
96b1 (base 13) to base 15
6306
Co